 = -11*r + 52. Let g(j) = -3*i(j) - 2*l(j). Is 11 a factor of g(-11)?
True
Suppose -8*y = -6*y. Suppose -3*c - 128 = -4*g, g + g + c - 74 = y. Is 7 a factor of g?
True
Let m be (894/3 - -3)*3. Let j be m/105 - 3/5. Let t(r) = -r**3 + 10*r**2 - 10*r + 10. Does 22 divide t(j)?
False
Suppose 0 = -2*a - a + r + 330, 5*r = 15. Let j = a - 49. Is 11 a factor of j?
False
Suppose -38 - 55 = -5*v - o, 5*o - 28 = -2*v. Let g = v - 10. Suppose w = -2*m + 3 + g, -5*m + 21 = w. Is 2 a factor of w?
True
Let f = 2 - 3. Let x = f - -82. Is x a multiple of 27?
True
Let m be (4 - 4)/(-1 + 0). Suppose -l + 5*z + 48 = m, 2*z + 268 = 4*l + z. Does 7 divide l?
False
Suppose 21*a - 6*a = 10230. Is a a multiple of 11?
True
Suppose 0 = -5*r + 15, -39*r = 4*z - 36*r - 10061. Does 11 divide z?
False
Let j(f) = -f + 5. Let k be j(-13). Suppose 4*x = -y + 95, 3*y = 5*x + 182 + k. Is 25 a factor of y?
True
Let w(z) = 5*z**2 - 3*z - 10. Is w(8) a multiple of 13?
True
Let c be (136/12 + -4)*3. Is 13 a factor of (-4)/22 + 2754/c?
False
Let o = 10 + -8. Let u = -7 + 11. Suppose 5*b + s - 73 = 0, o*b + s = 27 + u. Does 8 divide b?
False
Is 23 a factor of (-28)/84 - 2694/(-9)?
True
Let s be 423/4 + (-2)/(-8). Suppose -5*u - 5*w + 25 = 0, 0 = 5*u - w - 8 - 5. Suppose 53 = u*f - s. Does 15 divide f?
False
Let b be -4 - 7/((-14)/8). Suppose -p + b*p = -94. Does 14 divide p?
False
Let x(l) = 13*l + 1. Suppose -b + 4 = -5*b. Let i be -3 + 2 - 3/b. Is x(i) a multiple of 9?
True
Suppose -5*k + 5218 = -2*j, -2083 = -4*k + 2*k + 5*j. Does 57 divide k?
False
Is 15 a factor of (-2)/8 - 158*(-76)/32?
True
Let v = 158 + -100. Suppose 4*j - 3*l - 152 = 2*l, -2*j - 2*l + v = 0. Is j a multiple of 14?
False
Let j = 26 + -21. Suppose -5*n + j*l = 30, -5*n - 3*l - 8 = 30. Is 25 a factor of -200*(n/2)/7?
True
Suppose 0 = j + 4*j. Let n be j*1*(3 + -4). Is 9 a factor of 2*(3 - (-17 - n))?
False
Suppose 0 = 6*b - 2*b - 1744. Let l = b - 248. Is 18 a factor of l?
False
Let w = -198 + 140. Let r be (-3 + 0)/(21/175). Let g = r - w. Is 6 a factor of g?
False
Let g = 276 + 51. Is 29 a factor of g?
False
Suppose 5*t = 2*y + 2064, 5*t + 13*y - 14*y - 2067 = 0. Is t even?
True
Let p(n) = 3*n**3 + 5*n**2 - 3*n - 4. Let b be p(2). Suppose 154 = 4*g - b. Is 13 a factor of g?
False
Does 10 divide (132/16)/(36/960)?
True
Let l = 102 + -162. Let j = -45 - l. Is j a multiple of 15?
True
Suppose -81 = -10*v - 681. Let f = 73 + v. Does 13 divide f?
True
Is 230/(-3105) - 32294/(-27) a multiple of 23?
True
Let c(j) = -j**2 + 25*j - 24. Let v(h) = -4*h + 51. Let z be v(7). Is c(z) a multiple of 11?
True
Let d(p) be the third derivative of 5*p**4/6 + p**3/6 - p**2. Let t(u) = 2*u**2 - 32*u + 123. Let i be t(10). Is d(i) a multiple of 15?
False
Suppose 0 = -n - 3*n + 1024. Suppose -3*r = 0, 2*w + 3*r - 2*r = n. Does 34 divide w?
False
Let x(v) = 25*v**2 + 23*v. Does 62 divide x(9)?
True
Let h = -631 + 703. Is 6 a factor of h?
True
Suppose 10 - 21 = -3*o - 2*b, 0 = -o - 5*b - 18. Is (32/6)/((6 - o)/(-12)) a multiple of 44?
False
Let c = 25 + -23. Is 16 a factor of (-1)/(-4) + (c - 1701/(-12))?
True
Let z(p) = 23*p**3 + 4*p - 26*p**3 + 5 + 3*p**2 + 0*p. Is 9 a factor of z(-3)?
False
Suppose -26*o + 16820 = 3742. Is o a multiple of 10?
False
Let s(d) = -d**3 - 9*d**2 - 6*d + 19. Let n be s(-8). Suppose n*u - 810 = -7*u. Does 27 divide u?
True
Suppose -4*r = 375 + 145. Let j = r + 201. Suppose -j = -2*c - 3*t - 22, 2*c = t + 45. Is 6 a factor of c?
False
Let d(q) = -q**2 + 11*q - 8. Let f be d(10). Suppose -226 + 20 = -f*m - 5*z, 5*z = -m + 98. Does 9 divide m?
True
Let p = 391 + -694. Let s = -191 - p. Let o = -47 + s. Is o a multiple of 20?
False
Suppose -14*v + 368 = -12*v. Suppose -5 = -z, 0 = -g - 0*g + 3*z + v. Let j = g + -109. Is 30 a factor of j?
True
Let q(p) = -2*p + 88. Is q(36) a multiple of 8?
True
Suppose 0 = -3*g - 3*d + 1920, 0 = 4*g - d - 1784 - 791. Is g a multiple of 8?
False
Let r(q) = -5*q - 14. Let k be r(-7). Let p be (-14)/(-4)*12/k. Suppose 4*t + 16 = l, l + p*l = 5*t + 41. Is l a multiple of 12?
True
Suppose 4 + 18 = -2*y. Let b(a) = -20*a + 14. Is b(y) a multiple of 18?
True
Suppose 8*b - 9 = 5*b, -x - 2*b + 3 = 0. Suppose -35 = -4*w + 21. Is w - -1 - (x - -4) a multiple of 6?
False
Let d = 2332 + -2242. Is 5 a factor of d?
True
Suppose -4*q + 2*f - 870 = 0, 4*q - 5*f + f + 860 = 0. Is 13 a factor of ((-32)/40)/(2/q)?
False
Suppose -5*v + 20 = 5*u, -2*v + 2 = -0. Suppose -f + 3*s = 2*f - 399, -378 = -u*f - 4*s. Suppose d + f = -3*x + 8*x, -2*x + 55 = -d. Does 20 divide x?
False
Let y(n) = 366*n + 6. Is 3 a factor of y(1)?
True
Let w(c) = -103*c + 13. Is 44 a factor of w(-5)?
True
Let s(v) be the first derivative of 4 + 1/2*v**2 + v**3 + 4*v. Is 17 a factor of s(3)?
True
Does 61 divide (305/15)/((-5)/(-15))?
True
Suppose 0 = v + 26*v - 4590. Does 34 divide v?
True
Suppose 101 = -2*n + 3*n - 2*c, -523 = -5*n + c. Is n a multiple of 35?
True
Suppose 0 = -7*w + 3112 - 1005. Let h = -175 + w. Is h a multiple of 7?
True
Suppose 0 = -4*c + 2*b - 138, 2*c + b + 123 = -2*c. Is 13 a factor of 585/(-18)*5/(50/c)?
True
Let i(k) = -130*k**3 + 3*k**2 - 29*k - 62. Is 22 a factor of i(-2)?
False
Let z = 104 + -54. Does 10 divide z?
True
Suppose -5*g - 2*l + 352 = -3*g, 2*g = l + 349. Suppose -3*m + 270 = 2*a, 3*m = -5*a + 95 + g. Is 18 a factor of m?
True
Let m(p) = -1. Let i(q) = -q + 1. Let y(f) = -i(f) + 6*m(f). Does 6 divide y(25)?
True
Suppose a + 3218 = 5*t - a, -t = -a - 643. Is t a multiple of 28?
True
Suppose 223 = 2*o - 39. Let f = o + -20. Is f a multiple of 26?
False
Let r = -127 + 242. Suppose -2*t + r - 43 = 0. Does 12 divide t?
True
Let b(o) = -o**3 + o**2 - 4*o - 3. Suppose -4*m - 2 - 14 = 0. Let q be b(m). Suppose -q = -3*y + 3. Does 16 divide y?
True
Let i(p) = p**3 + 15*p**2 + p + 22. Let u be i(-15). Suppose -u*f = -2*f - 555. Is 37 a factor of f?
True
Let j(v) = -7 - 2*v - 5 + 0. Let d be j(-9). Suppose 3*a - d = 15. Does 4 divide a?
False
Suppose 47*v - 5280 = 39*v. Is v a multiple of 22?
True
Suppose 0 = q + 4*q - 2*k - 2334, 0 = -k + 3. Is 52 a factor of q?
True
Let d(s) = -2*s**3 + 10*s**2 - 2*s - 22. Let k be d(5). Let h = 22 - 91. Let n = k - h. Is n a multiple of 12?
False
Let c(n) = -n**3 + 26*n**2 - 26*n + 25. Let q be c(25). Let f(t) = 2*t**2 - 2*t + 259. Is f(q) a multiple of 16?
False
Let y be ((-8)/6)/(22/(-1683)). Let z be 1 - 58 - (2 + -1). Let i = z + y. Is 14 a factor of i?
False
Let s be 1301/4 + (-4)/16. Suppose s = 3*l + u, l + 3*u = 54 + 57. Does 25 divide l?
False
Suppose 4*r - t - 6803 = 0, 3*t + 8509 = 20*r - 15*r. Is 17 a factor of r?
True
Let l(n) = 4 - 75*n**2 + 75*n**2 + 3*n**3 - 5*n. Is 14 a factor of l(3)?
True
Is (-322)/(-1 + (-4)/(-4 - -8)) a multiple of 9?
False
Let w(b) = 2 + 5 - 52*b + 46*b. Does 11 divide w(-6)?
False
Suppose -d = 4*d. Suppose d = -0*u - u + 3. Let s(x) = 4*x + 1. Does 3 divide s(u)?
False
Does 11 divide (28/70)/(1/(-5)) - -193?
False
Suppose 0*d - 34*d + 2380 = 0. Let b = -33 - -70. Let v = d - b. Does 11 divide v?
True
Let p(d) = 211*d. Let i be p(2). Let g(r) = r**3 - 4*r**2 + 2*r + 4. Let s be g(2). Suppose s = -4*z + i - 98. Is 27 a factor of z?
True
Suppose 12*p - 25 = 11. Suppose -28 = -4*a - 5*m, 2*a + p*a - 44 = -4*m. Is 3 a factor of a?
True
Suppose m + 0*b = b + 233, 0 = 5*m + 4*b - 1165. Does 11 divide m?
False
Let z(w) = -22*w - 131. Does 23 divide z(-7)?
True
Let b(z) = z**3 + 3*z**2 - 12*z - 3. Let m be b(-5). Suppose m*i - 4*i = 180. Does 15 divide i?
True
Let r(s) = s**3 - 3*s**2 + 5*s - 4. Let o(v) = 2*v**2 - 6*v - 4. Let j be o(4). Does 16 divide r(j)?
True
Let j(t) = t**3 - 22*t**2 - t - 2. Let n(x) = -x**3 + 23*x**2 + 2*x + 3. Let h(m) = 4*j(m) + 3*n(m). Is 13 a factor of h(19)?
True
Let a(w) = 43 + 13*w + 6*w - 20*w. Does 11 divide a(10)?
True
Let t(p) = 20*p + 668. Is 51 a factor of t(38)?
True
Suppose 140 - 57 = r. Suppose p - r = -21. Does 10 divide p?
False
Let r(b) = 2*b**2 - 2*b + 9. Let p = 8 + -14. Let q be r(p). Let d = q + -55. Is d a multiple of 17?
False
Let o(h) = 78*h - 492. Does 12 divide o(18)?
True
Suppose -g - 2*n + 83 = 0, 5*g + 3*n + 179 - 566 = 0. Suppose 4*t + 165 = -g. Let b = -15 - t. Is b a multiple of 15?
True
Let k(r) = 9*r - 1 + 8 - 8. Let c be k(3). Suppose -4*w = -u + c, -6 = -2*u + 